{"id":1728,"date":"2017-08-29T14:24:31","date_gmt":"2017-08-29T12:24:31","guid":{"rendered":"http:\/\/luongosrl.eu\/luongo\/?page_id=1728"},"modified":"2020-06-24T18:03:22","modified_gmt":"2020-06-24T16:03:22","slug":"struttura-mezzi","status":"publish","type":"page","link":"https:\/\/luongosrl.eu\/luongo\/struttura-mezzi\/","title":{"rendered":"STRUTTURA \/ MEZZI"},"content":{"rendered":"<p>[vc_row full_width=&#8221;stretch_row_content_no_spaces&#8221;][vc_column]<div class=\"sc_parallax sc_parallax_reverse_no\" style=\"color:#ffffff;\" data-parallax-speed=\"0.3\" data-parallax-x-pos=\"50%\" data-parallax-y-pos=\"50%\"><div class=\"sc_parallax_content\" style=\"background-image:url(https:\/\/luongosrl.eu\/luongo\/wp-content\/uploads\/2015\/08\/parallax_1_clients.jpg); background-position:50% 50%;\"><div class=\"sc_parallax_overlay\" style=\"background-color:rgba(23,200,244,0.7);\" data-overlay=\"0.7\" data-bg_color=\"#17c8f4\"><div class=\"sc_content content_wrap\">[vc_column_text]Offriamo un servizio completo che soddisfa completamente le esigenze dei nostri clienti.[\/vc_column_text]<\/div><\/div><\/div><\/div>[\/vc_column][\/vc_row][vc_row][vc_column]<h2 class=\"sc_title sc_title_regular\">STRUTTURA<\/h2>[\/vc_column][\/vc_row][vc_row][vc_column][vc_column_text]Luongo srl offre ai suoi clienti un servizio completo: dalla realizzazione delle infrastrutture civili alla posa e alla giunzione delle reti in rame e fibra ottica, oltre all\u2019 impiantistica nelle fasi di attivazione e manutenzione.<br \/>\nL\u2019azienda dispone di personale qualificato e costantemente aggiornato composto dalle seguenti figure:<br \/>\n&#8211; Assistenti tecnici di cantiere<br \/>\n&#8211; Operai qualificati e tecnici specializzati<br \/>\n&#8211; Magazziniere<br \/>\n&#8211; Impiegati amministrativi<br \/>\n&#8211; Collaboratori e consulenti esterni<br \/>\n&#8211; Preposti alla sicurezza<br \/>\n&#8211; Responsabili qualit\u00e0<br \/>\nAmministratori e Soci si occupano in prima persona della gestione e direzione aziendale.[\/vc_column_text][\/vc_column][\/vc_row][vc_row][vc_column]<div class=\"sc_content content_wrap\">[vc_empty_space height=&#8221;6.9286em&#8221;]<div id=\"sc_clients_411299968_wrap\" class=\"sc_clients_wrap\"><div id=\"sc_clients_411299968\" class=\"sc_clients sc_clients_style_clients-2  sc_slider_nopagination sc_slider_nocontrols\" data-interval=\"5939\" data-slides-per-view=\"4\" style=\"width:100%;\"><h2 class=\"sc_clients_title sc_item_title\">MEZZI<\/h2><div class=\"sc_columns columns_wrap\"><div class=\"column-1_4 column_padding_bottom\">\t\t\t<div id=\"sc_clients_411299968_1\"\t\t\t\tclass=\"sc_clients_item sc_clients_item_1 odd first\">\n\t\t\t\t<div class=\"sc_client_image\"><img class=\"wp-post-image\" width=\"270\" height=\"257\" alt=\"MINIPALA CON SCAVACANALI\" src=\"https:\/\/luongosrl.eu\/luongo\/wp-content\/uploads\/2015\/05\/macchinario_1-270x257.jpg\">\t\t\t\t\t<div class=\"sc_client_hover\">\n\t\t\t\t\t\t<div class=\"sc_client_info\">\n\t\t\t\t\t\t\t<div class=\"sc_client_description\">MINIPALA CON SCAVACANALI<\/div>\n\t\t\t\t\t\t\t<h5 class=\"sc_client_title\">-<\/h5>\n\t\t\t\t\t\t\t<div class=\"sc_client_position\">-<\/div>\n\t\t\t\t\t\t<\/div>\n\t\t\t\t\t<\/div>\n\t\t\t\t<\/div>\n\t\t\t<\/div>\n\t\t<\/div><div class=\"column-1_4 column_padding_bottom\">\t\t\t<div id=\"sc_clients_411299968_2\"\t\t\t\tclass=\"sc_clients_item sc_clients_item_2 even\">\n\t\t\t\t<div class=\"sc_client_image\"><img class=\"wp-post-image\" width=\"270\" height=\"257\" alt=\"MINIESCAVATORI\" src=\"https:\/\/luongosrl.eu\/luongo\/wp-content\/uploads\/2017\/11\/miniescavatori-270x257.jpg\">\t\t\t\t\t<div class=\"sc_client_hover\">\n\t\t\t\t\t\t<div class=\"sc_client_info\">\n\t\t\t\t\t\t\t<div class=\"sc_client_description\">MINIESCAVATORI<\/div>\n\t\t\t\t\t\t\t<h5 class=\"sc_client_title\">-<\/h5>\n\t\t\t\t\t\t\t<div class=\"sc_client_position\">-<\/div>\n\t\t\t\t\t\t<\/div>\n\t\t\t\t\t<\/div>\n\t\t\t\t<\/div>\n\t\t\t<\/div>\n\t\t<\/div><div class=\"column-1_4 column_padding_bottom\">\t\t\t<div id=\"sc_clients_411299968_3\"\t\t\t\tclass=\"sc_clients_item sc_clients_item_3 odd\">\n\t\t\t\t<div class=\"sc_client_image\"><img class=\"wp-post-image\" width=\"270\" height=\"257\" alt=\"AUTOCARRI CON GRU\" src=\"https:\/\/luongosrl.eu\/luongo\/wp-content\/uploads\/2017\/11\/Autocarri-con-Gru-270x257.jpg\">\t\t\t\t\t<div class=\"sc_client_hover\">\n\t\t\t\t\t\t<div class=\"sc_client_info\">\n\t\t\t\t\t\t\t<div class=\"sc_client_description\">AUTOCARRI CON GRU<\/div>\n\t\t\t\t\t\t\t<h5 class=\"sc_client_title\">-<\/h5>\n\t\t\t\t\t\t\t<div class=\"sc_client_position\">-<\/div>\n\t\t\t\t\t\t<\/div>\n\t\t\t\t\t<\/div>\n\t\t\t\t<\/div>\n\t\t\t<\/div>\n\t\t<\/div><div class=\"column-1_4 column_padding_bottom\">\t\t\t<div id=\"sc_clients_411299968_4\"\t\t\t\tclass=\"sc_clients_item sc_clients_item_4 even\">\n\t\t\t\t<div class=\"sc_client_image\"><img class=\"wp-post-image\" width=\"270\" height=\"257\" alt=\"FURGONI ALLESTITI\" src=\"https:\/\/luongosrl.eu\/luongo\/wp-content\/uploads\/2017\/11\/Furgoni_allestiti-270x257.jpg\">\t\t\t\t\t<div class=\"sc_client_hover\">\n\t\t\t\t\t\t<div class=\"sc_client_info\">\n\t\t\t\t\t\t\t<div class=\"sc_client_description\">FURGONI ALLESTITI<\/div>\n\t\t\t\t\t\t\t<h5 class=\"sc_client_title\">-<\/h5>\n\t\t\t\t\t\t\t<div class=\"sc_client_position\">-<\/div>\n\t\t\t\t\t\t<\/div>\n\t\t\t\t\t<\/div>\n\t\t\t\t<\/div>\n\t\t\t<\/div>\n\t\t<\/div><\/div><\/div><!-- \/.sc_clients --><\/div><!-- \/.sc_clients_wrap -->[vc_empty_space height=&#8221;4.9286em&#8221;]<\/div>[\/vc_column][\/vc_row][vc_row][vc_column][vc_column_text]Luongo s.r.l. dispone di un adeguato parco mezzi di propriet\u00e0 grazie al quale pu\u00f2 offrire flessibilit\u00e0 ed efficienza nella pianificazione e nell\u2019 esecuzione dei lavori.<br \/>\nIl Parco mezzi viene costantemente rinnovato ed \u00e8 cosi composto:<\/p>\n<ul>\n<li>AUTOVETTURE PER ASSISTENTI DI CANTIERE<\/li>\n<li>FURGONI ALLESTITI PER GIUNZIONE RAME E FIBRA OTTICA<\/li>\n<li>AUTOCARRI<\/li>\n<li>AUTOCARRI CON GRU<\/li>\n<li>MACCHINE OPERATRICI<\/li>\n<li>MINIESCAVATORI<\/li>\n<li>MINIPALE CON FRESE E SCAVACANALI<\/li>\n<li>RULLO COMPATTATORE<\/li>\n<\/ul>\n<p>[\/vc_column_text][\/vc_column][\/vc_row]<\/p>\n","protected":false},"excerpt":{"rendered":"<p>[vc_row full_width=&#8221;stretch_row_content_no_spaces&#8221;][vc_column][\/vc_column][\/vc_row][vc_row][vc_column][\/vc_column][\/vc_row][vc_row][vc_column][vc_column_text]Luongo srl offre ai suoi clienti un servizio completo: dalla realizzazione delle infrastrutture civili alla posa e alla giunzione delle reti in rame e fibra ottica, oltre all\u2019 impiantistica nelle fasi di attivazione e manutenzione. L\u2019azienda dispone di personale qualificato e costantemente aggiornato composto dalle seguenti figure: &#8211; Assistenti tecnici di cantiere &#8211; Operai [&hellip;]<\/p>\n","protected":false},"author":1,"featured_media":0,"parent":0,"menu_order":0,"comment_status":"closed","ping_status":"closed","template":"","meta":{"footnotes":""},"yoast_head":"<!-- This site is optimized with the Yoast SEO plugin v20.4 - https:\/\/yoast.com\/wordpress\/plugins\/seo\/ -->\n<title>STRUTTURA \/ MEZZI - LUONGO SRL - telecomunicazioni, impianti fibra ottica, novara, biella, vercelli<\/title>\n<meta name=\"robots\" content=\"index, follow, max-snippet:-1, max-image-preview:large, max-video-preview:-1\" \/>\n<link rel=\"canonical\" href=\"https:\/\/luongosrl.eu\/luongo\/struttura-mezzi\/\" \/>\n<meta property=\"og:locale\" content=\"it_IT\" \/>\n<meta property=\"og:type\" content=\"article\" \/>\n<meta property=\"og:title\" content=\"STRUTTURA \/ MEZZI - LUONGO SRL - telecomunicazioni, impianti fibra ottica, novara, biella, vercelli\" \/>\n<meta property=\"og:description\" content=\"[vc_row full_width=&#8221;stretch_row_content_no_spaces&#8221;][vc_column][\/vc_column][\/vc_row][vc_row][vc_column][\/vc_column][\/vc_row][vc_row][vc_column][vc_column_text]Luongo srl offre ai suoi clienti un servizio completo: dalla realizzazione delle infrastrutture civili alla posa e alla giunzione delle reti in rame e fibra ottica, oltre all\u2019 impiantistica nelle fasi di attivazione e manutenzione. L\u2019azienda dispone di personale qualificato e costantemente aggiornato composto dalle seguenti figure: &#8211; Assistenti tecnici di cantiere &#8211; Operai [&hellip;]\" \/>\n<meta property=\"og:url\" content=\"https:\/\/luongosrl.eu\/luongo\/struttura-mezzi\/\" \/>\n<meta property=\"og:site_name\" content=\"LUONGO SRL - telecomunicazioni, impianti fibra ottica, novara, biella, vercelli\" \/>\n<meta property=\"article:publisher\" content=\"https:\/\/www.facebook.com\/luongosrl\" \/>\n<meta property=\"article:modified_time\" content=\"2020-06-24T16:03:22+00:00\" \/>\n<meta name=\"twitter:card\" content=\"summary_large_image\" \/>\n<meta name=\"twitter:label1\" content=\"Tempo di lettura stimato\" \/>\n\t<meta name=\"twitter:data1\" content=\"1 minuto\" \/>\n<script type=\"application\/ld+json\" class=\"yoast-schema-graph\">{\"@context\":\"https:\/\/schema.org\",\"@graph\":[{\"@type\":\"WebPage\",\"@id\":\"https:\/\/luongosrl.eu\/luongo\/struttura-mezzi\/\",\"url\":\"https:\/\/luongosrl.eu\/luongo\/struttura-mezzi\/\",\"name\":\"STRUTTURA \/ MEZZI - LUONGO SRL - telecomunicazioni, impianti fibra ottica, novara, biella, vercelli\",\"isPartOf\":{\"@id\":\"https:\/\/luongosrl.eu\/luongo\/#website\"},\"datePublished\":\"2017-08-29T12:24:31+00:00\",\"dateModified\":\"2020-06-24T16:03:22+00:00\",\"breadcrumb\":{\"@id\":\"https:\/\/luongosrl.eu\/luongo\/struttura-mezzi\/#breadcrumb\"},\"inLanguage\":\"it-IT\",\"potentialAction\":[{\"@type\":\"ReadAction\",\"target\":[\"https:\/\/luongosrl.eu\/luongo\/struttura-mezzi\/\"]}]},{\"@type\":\"BreadcrumbList\",\"@id\":\"https:\/\/luongosrl.eu\/luongo\/struttura-mezzi\/#breadcrumb\",\"itemListElement\":[{\"@type\":\"ListItem\",\"position\":1,\"name\":\"Home\",\"item\":\"https:\/\/luongosrl.eu\/luongo\/\"},{\"@type\":\"ListItem\",\"position\":2,\"name\":\"STRUTTURA \/ MEZZI\"}]},{\"@type\":\"WebSite\",\"@id\":\"https:\/\/luongosrl.eu\/luongo\/#website\",\"url\":\"https:\/\/luongosrl.eu\/luongo\/\",\"name\":\"LUONGO SRL - telecomunicazioni, impianti fibra ottica, novara, biella, vercelli\",\"description\":\"\",\"publisher\":{\"@id\":\"https:\/\/luongosrl.eu\/luongo\/#organization\"},\"potentialAction\":[{\"@type\":\"SearchAction\",\"target\":{\"@type\":\"EntryPoint\",\"urlTemplate\":\"https:\/\/luongosrl.eu\/luongo\/?s={search_term_string}\"},\"query-input\":\"required name=search_term_string\"}],\"inLanguage\":\"it-IT\"},{\"@type\":\"Organization\",\"@id\":\"https:\/\/luongosrl.eu\/luongo\/#organization\",\"name\":\"LUONGO SRL - telecomunicazioni, impianti fibra ottica, novara, biella, vercelli\",\"url\":\"https:\/\/luongosrl.eu\/luongo\/\",\"logo\":{\"@type\":\"ImageObject\",\"inLanguage\":\"it-IT\",\"@id\":\"https:\/\/luongosrl.eu\/luongo\/#\/schema\/logo\/image\/\",\"url\":\"https:\/\/luongosrl.eu\/luongo\/wp-content\/uploads\/2018\/02\/logo-1.png\",\"contentUrl\":\"https:\/\/luongosrl.eu\/luongo\/wp-content\/uploads\/2018\/02\/logo-1.png\",\"width\":798,\"height\":176,\"caption\":\"LUONGO SRL - telecomunicazioni, impianti fibra ottica, novara, biella, vercelli\"},\"image\":{\"@id\":\"https:\/\/luongosrl.eu\/luongo\/#\/schema\/logo\/image\/\"},\"sameAs\":[\"https:\/\/www.facebook.com\/luongosrl\"]}]}<\/script>\n<!-- \/ Yoast SEO plugin. -->","yoast_head_json":{"title":"STRUTTURA \/ MEZZI - LUONGO SRL - telecomunicazioni, impianti fibra ottica, novara, biella, vercelli","robots":{"index":"index","follow":"follow","max-snippet":"max-snippet:-1","max-image-preview":"max-image-preview:large","max-video-preview":"max-video-preview:-1"},"canonical":"https:\/\/luongosrl.eu\/luongo\/struttura-mezzi\/","og_locale":"it_IT","og_type":"article","og_title":"STRUTTURA \/ MEZZI - LUONGO SRL - telecomunicazioni, impianti fibra ottica, novara, biella, vercelli","og_description":"[vc_row full_width=&#8221;stretch_row_content_no_spaces&#8221;][vc_column][\/vc_column][\/vc_row][vc_row][vc_column][\/vc_column][\/vc_row][vc_row][vc_column][vc_column_text]Luongo srl offre ai suoi clienti un servizio completo: dalla realizzazione delle infrastrutture civili alla posa e alla giunzione delle reti in rame e fibra ottica, oltre all\u2019 impiantistica nelle fasi di attivazione e manutenzione. L\u2019azienda dispone di personale qualificato e costantemente aggiornato composto dalle seguenti figure: &#8211; Assistenti tecnici di cantiere &#8211; Operai [&hellip;]","og_url":"https:\/\/luongosrl.eu\/luongo\/struttura-mezzi\/","og_site_name":"LUONGO SRL - telecomunicazioni, impianti fibra ottica, novara, biella, vercelli","article_publisher":"https:\/\/www.facebook.com\/luongosrl","article_modified_time":"2020-06-24T16:03:22+00:00","twitter_card":"summary_large_image","twitter_misc":{"Tempo di lettura stimato":"1 minuto"},"schema":{"@context":"https:\/\/schema.org","@graph":[{"@type":"WebPage","@id":"https:\/\/luongosrl.eu\/luongo\/struttura-mezzi\/","url":"https:\/\/luongosrl.eu\/luongo\/struttura-mezzi\/","name":"STRUTTURA \/ MEZZI - LUONGO SRL - telecomunicazioni, impianti fibra ottica, novara, biella, vercelli","isPartOf":{"@id":"https:\/\/luongosrl.eu\/luongo\/#website"},"datePublished":"2017-08-29T12:24:31+00:00","dateModified":"2020-06-24T16:03:22+00:00","breadcrumb":{"@id":"https:\/\/luongosrl.eu\/luongo\/struttura-mezzi\/#breadcrumb"},"inLanguage":"it-IT","potentialAction":[{"@type":"ReadAction","target":["https:\/\/luongosrl.eu\/luongo\/struttura-mezzi\/"]}]},{"@type":"BreadcrumbList","@id":"https:\/\/luongosrl.eu\/luongo\/struttura-mezzi\/#breadcrumb","itemListElement":[{"@type":"ListItem","position":1,"name":"Home","item":"https:\/\/luongosrl.eu\/luongo\/"},{"@type":"ListItem","position":2,"name":"STRUTTURA \/ MEZZI"}]},{"@type":"WebSite","@id":"https:\/\/luongosrl.eu\/luongo\/#website","url":"https:\/\/luongosrl.eu\/luongo\/","name":"LUONGO SRL - telecomunicazioni, impianti fibra ottica, novara, biella, vercelli","description":"","publisher":{"@id":"https:\/\/luongosrl.eu\/luongo\/#organization"},"potentialAction":[{"@type":"SearchAction","target":{"@type":"EntryPoint","urlTemplate":"https:\/\/luongosrl.eu\/luongo\/?s={search_term_string}"},"query-input":"required name=search_term_string"}],"inLanguage":"it-IT"},{"@type":"Organization","@id":"https:\/\/luongosrl.eu\/luongo\/#organization","name":"LUONGO SRL - telecomunicazioni, impianti fibra ottica, novara, biella, vercelli","url":"https:\/\/luongosrl.eu\/luongo\/","logo":{"@type":"ImageObject","inLanguage":"it-IT","@id":"https:\/\/luongosrl.eu\/luongo\/#\/schema\/logo\/image\/","url":"https:\/\/luongosrl.eu\/luongo\/wp-content\/uploads\/2018\/02\/logo-1.png","contentUrl":"https:\/\/luongosrl.eu\/luongo\/wp-content\/uploads\/2018\/02\/logo-1.png","width":798,"height":176,"caption":"LUONGO SRL - telecomunicazioni, impianti fibra ottica, novara, biella, vercelli"},"image":{"@id":"https:\/\/luongosrl.eu\/luongo\/#\/schema\/logo\/image\/"},"sameAs":["https:\/\/www.facebook.com\/luongosrl"]}]}},"_links":{"self":[{"href":"https:\/\/luongosrl.eu\/luongo\/wp-json\/wp\/v2\/pages\/1728"}],"collection":[{"href":"https:\/\/luongosrl.eu\/luongo\/wp-json\/wp\/v2\/pages"}],"about":[{"href":"https:\/\/luongosrl.eu\/luongo\/wp-json\/wp\/v2\/types\/page"}],"author":[{"embeddable":true,"href":"https:\/\/luongosrl.eu\/luongo\/wp-json\/wp\/v2\/users\/1"}],"replies":[{"embeddable":true,"href":"https:\/\/luongosrl.eu\/luongo\/wp-json\/wp\/v2\/comments?post=1728"}],"version-history":[{"count":14,"href":"https:\/\/luongosrl.eu\/luongo\/wp-json\/wp\/v2\/pages\/1728\/revisions"}],"predecessor-version":[{"id":2108,"href":"https:\/\/luongosrl.eu\/luongo\/wp-json\/wp\/v2\/pages\/1728\/revisions\/2108"}],"wp:attachment":[{"href":"https:\/\/luongosrl.eu\/luongo\/wp-json\/wp\/v2\/media?parent=1728"}],"curies":[{"name":"wp","href":"https:\/\/api.w.org\/{rel}","templated":true}]}}